4673953 composite?
True
Is 445426759 prime?
True
Is 12024789209 composite?
False
Is 752412761 prime?
True
Is 116815981 prime?
True
Is 7954745521 prime?
False
Is 22917213131 a composite number?
True
Is 902779979 prime?
True
Is 384758579 a composite number?
False
Is 9929183431 composite?
False
Is 1161173317 composite?
False
Is 6606453569 composite?
False
Is 258955618573 prime?
True
Is 6416288419 a prime number?
False
Is 3077485093 a composite number?
True
Is 283163093 a composite number?
False
Is 97331617 a composite number?
False
Is 1258191863 prime?
False
Is 15767731283 composite?
True
Is 4918746631 composite?
True
Is 3264021463 a composite number?
False
Is 842589521707 composite?
False
Is 1628551069 a composite number?
True
Is 8042583221 a composite number?
False
Is 1537842991 a prime number?
True
Is 1311265171 a prime number?
True
Is 43608896762 a composite number?
True
Is 39691881209 prime?
True
Is 12624711493 a prime number?
True
Is 1520540159 a prime number?
True
Is 6426752798 composite?
True
Is 357979543 a prime number?
False
Is 1250791991 a prime number?
True
Is 108136436647 a composite number?
True
Is 665425133 a composite number?
True
Is 5628284801 prime?
True
Is 92288135981 composite?
False
Is 7642633883 a composite number?
True
Is 11156207063 a composite number?
True
Is 3987069703 prime?
True
Is 4728251207 prime?
False
Is 1382659723 a prime number?
False
Is 15611790107 composite?
False
Is 48238988023 prime?
True
Is 3889846513 prime?
False
Is 6297020283 composite?
True
Is 9225577703 composite?
False
Is 22801867201 a prime number?
True
Is 36617209403 a composite number?
False
Is 12865718213 a composite number?
True
Is 128377771 composite?
False
Is 3510175211 a prime number?
True
Is 821620907 composite?
True
Is 574919801 a composite number?
True
Is 39139305281 a composite number?
False
Is 16308295163 prime?
True
Is 2564881387 composite?
True
Is 8454076973 a composite number?
True
Is 696154561 a composite number?
False
Is 1822665197 composite?
True
Is 2407022627 prime?
True
Is 86741773 composite?
True
Is 309990781 a prime number?
True
Is 57206154949 composite?
False
Is 29359322639 a prime number?
False
Is 1494905443 a prime number?
False
Is 516553421 a prime number?
False
Is 6844598983 a composite number?
False
Is 69035535034 composite?
True
Is 1893442817 a composite number?
True
Is 37553476457 prime?
False
Is 24569203907 a prime number?
True
Is 1479639803 prime?
False
Is 1915979287 composite?
False
Is 250028899 composite?
True
Is 13837609873 a prime number?
True
Is 488980963 a prime number?
True
Is 377367667 a composite number?
False
Is 12832506847 prime?
False
Is 2697597479 a composite number?
True
Is 14615537 prime?
True
Is 1085014807 a prime number?
True
Is 203521339783 a prime number?
True
Is 7043445329 a prime number?
True
Is 271465181951 a composite number?
False
Is 20207923519 prime?
False
Is 292006889 prime?
False
Is 41064751087 prime?
True
Is 9814515929 prime?
True
Is 156283661 a composite number?
True
Is 420419801 a composite number?
False
Is 19254588949 a composite number?
True
Is 35275108819 a composite number?
True
Is 57306360661 a prime number?
False
Is 1091758859 composite?
False
Is 3070376909 prime?
True
Is 194566644361 a composite number?
False
Is 12859481053 composite?
False
Is 2001345565 a prime number?
False
Is 6722585461 prime?
True
Is 25077773137 a prime number?
True
Is 337153693 a composite number?
True
Is 348315725737 prime?
False
Is 1410925111 prime?
True
Is 170097724237 composite?
True
Is 42796125971 composite?
False
Is 205372981043 a prime number?
True
Is 5077683677 prime?
False
Is 54326582951 a composite number?
True
Is 19020861059 prime?
False
Is 10612248149 a prime number?
False
Is 3216731311 a prime number?
False
Is 1793340491 a composite number?
True
Is 3099274201 composite?
True
Is 898131877 a composite number?
True
Is 15071851079 a prime number?
False
Is 1993362303 a prime number?
False
Is 17517990533 prime?
True
Is 17881197401 a prime number?
False
Is 319045361 composite?
False
Is 1901565719 prime?
False
Is 428171561 composite?
False
Is 137026823939 a composite number?
True
Is 12790718 a composite number?
True
Is 8566867 prime?
False
Is 390062411 a composite number?
False
Is 63249977183 prime?
False
Is 28568977 composite?
False
Is 11051235719 prime?
False
Is 1848427349 composite?
True
Is 45848581 a prime number?
True
Is 963279403 a prime number?
True
Is 5347441313 composite?
False
Is 1730868499 a composite number?
True
Is 218019803 prime?
True
Is 16430944021 a composite number?
True
Is 14083001 composite?
True
Is 110659909589 prime?
True
Is 671286767 a prime number?
False
Is 18736159627 composite?
False
Is 853131583 a composite number?
False
Is 5262942779 a composite number?
True
Is 1242681959 composite?
False
Is 14583891659 a composite number?
False
Is 67276711 a prime number?
True
Is 63332768179 a prime number?
False
Is 93808666706 a prime number?
False
Is 23227817551 a composite number?
False
Is 129124153141 a prime number?
True
Is 26109914353 prime?
True
Is 46560983321 a prime number?
False
Is 1240808929 prime?
True
Is 223890521 composite?
False
Is 374652931 prime?
False
Is 648232939 composite?
False
Is 30617891893 a prime number?
False
Is 362628983 composite?
False
Is 590579423 a prime number?
False
Is 478852267 a composite number?
False
Is 2022281983 a composite number?
False
Is 2024539177 a composite number?
False
Is 17854880501 a composite number?
True
Is 28600990913 composite?
True
Is 3521174389 prime?
False
Is 345225659 a prime number?
True
Is 4252098467 a composite number?
False
Is 11589115841 a composite number?
True
Is 3543752683 a prime number?
True
Is 6802525115 composite?
True
Is 476009663 a composite number?
True
Is 15665501573 a composite number?
False
Is 28360053401 composite?
False
Is 4232438963 a composite number?
False
Is 91318133 a prime number?
False
Is 2199652043 prime?
True
Is 131888797 a prime number?
True
Is 142777407053 composite?
False
Is 2778443621 composite?
False
Is 3778657933 prime?
True
Is 35783026561 prime?
False
Is 5767173437 prime?
True
Is 6936680719 a prime number?
True
Is 666395407 prime?
True
Is 6055138943 a composite number?
True
Is 289927021 composite?
False
Is 27007087903 a composite number?
False
Is 2992273631 prime?
True
Is 6777245635 a prime number?
False
Is 762132529 a composite number?
False
Is 21229582591 prime?
False
Is 15510858511 a prime number?
True
Is 539240601 a composite number?
True
Is 1114709073 prime?
False
Is 1873762727 prime?
True
Is 1794300733 a composite number?
False
Is 3226668607 prime?
False
Is 2458437127 a prime number?
True
Is 49020838553 a composite number?
False
Is 7269885907 prime?
False
Is 40797203113 composite?
False
Is 1397429401 a prime number?
True
Is 2068347643 a prime number?
False
Is 1365684007 a composite number?
True
Is 245071741 prime?
False
Is 854709803 prime?
True
Is 2447860853 a prime number?
False
Is 10556551633 a prime number?
False
Is 10190506813 a composite number?
True
Is 1519043917 composite?
True
Is 5863465451 a prime number?
True
Is 17404202951 composite?
False
Is 1434293921 a prime number?
True
Is 2853617381 a composite number?
True
Is 4508028953 prime?
True
Is 18874045469 a prime number?
False
Is 853765751 a prime number?
True
Is 363710591 a composite number?
True
Is 34275973469 a prime number?
True
Is 126242933 prime?
True
Is 99389859983 prime?
False
Is 165367459 composite?
True
Is 16373067131 prime?
True
Is 34818535489 a prime number?
True
Is 324066367 prime?
True
Is 501582259 composite?
True
Is 118363428697 a prime number?
False
Is 979063927 prime?
False
Is 1720315601 a composite number?
False
Is 45682714367 composite?
True
Is 3437797411 a composite number?
True
Is 24898135189 prime?
True
Is 139268617379 a prime number?
True
Is 52467942067 a composite number?
False
Is 10401829981 a composite number?
False
Is 183565937 prime?
True
Is 165137741 a composite number?
False
Is 2205944833 prime?
False
Is 2953035497 prime?
True
Is 47198267 composite?
False
Is 11997560693 a composite number?
False
Is 113811216809 a prime number?
True
Is 5975956537 prime?
True
Is 785479621 prime?
False
Is 71176826813 a composite number?
False
Is 2103014689 prime?
True
Is 138293557 prime?
False
Is 788345399 prime?
True
Is 2076